c(b) = 3*b**2 - 7*b - 8. Let a(j) = -4*j**2 + 7*j + 8. Let i(u) = 4*a(u) + 5*c(u). Suppose -3*f + 0 = 18. Give i(f).
-2
Let f(b) = 4*b + 2. Let w(z) = z**2 + 7*z + 8. Let h be w(-6). Suppose 4*o = h*k - 2, -k - 5 = -2*o + 2*k. Give f(o).
-6
Let l(n) = n + 3. Suppose 4*o + 3 - 11 = 0. Let q(j) = 6 - j - 2 - 5. Let w(k) = o*q(k) + l(k). Determine w(3).
-2
Suppose 3*b = -4*b. Let n(l) = -l**3 + l**2 - 8. Determine n(b).
-8
Let i(l) = -5*l**2 - 6*l + 8*l**2 - 4*l**2 - 3. Give i(-6).
-3
Let v be ((-9)/(-6))/(6/8). Let b(d) = 2 - 2*d + 4*d + d - 3. Determine b(v).
5
Suppose 4*f - 10 = -2*x, -x + 5*f = 27 - 4. Let q(z) = 1 - 4*z + 5 - 3. Let d(l) = -l. Let w(j) = -3*d(j) + q(j). What is w(x)?
6
Let x(c) = -c + 115*c**2 + 3 + 2*c - 114*c**2. Suppose 7*g - 2*g = 0. Calculate x(g).
3
Let f(l) be the third derivative of -l**6/120 - l**5/30 - l**4/24 + l**3/6 - 3*l**2. Give f(-2).
3
Let d(h) = -h**3 + 3 + 65*h - 66*h + 5*h**2 + 1. Calculate d(5).
-1
Let h(x) = x + 0*x - 5 + 0*x. What is h(9)?
4
Let s(d) be the first derivative of -1/3*d**3 + 3 + 4*d - 4*d**2. Give s(-8).
4
Suppose -3*j + 12 = 3*m, -5*m + 6 = -2*j + 5*j. Suppose -4*o + 13 = -3*b, -2*b - b = 2*o + j. Let p(f) = -3*f**2 + 2*f - 1. Give p(o).
-2
Let b(f) be the first derivative of 0*f**2 + 0*f - 1 - 1/3*f**3. Give b(-3).
-9
Let u(s) = -8*s**2 + 407*s - 407*s. Give u(-1).
-8
Let g(w) = w - 5. Suppose 12 = -9*n + 13*n. Calculate g(n).
-2
Let l(t) = -6*t + 4. Let v(z) = 1. Let x(a) = l(a) - 4*v(a). Let u = 2 - 1. Determine x(u).
-6
Let v(q) = 1700*q**2 - 5*q - 1705*q**2 + 2 + 1 - q**3. Determine v(-4).
7
Let w(q) be the third derivative of -q**5/60 + 5*q**3/6 + 21*q**2. Give w(0).
5
Let l(c) = 5 - 3*c**3 - 3 + 3*c**2 - 4*c + 0*c**3 + 2*c**3. Let h be -1 - -2*3/2. Suppose h*s + 4 = 4*s. Calculate l(s).
-2
Let x(t) be the second derivative of -t**5/20 + 5*t**4/12 + t**3/2 - 2*t**2 + 2*t - 27. Determine x(4).
24
Suppose 18*w + 133 = 43. Let g(f) = f**2 + 4*f - 1. What is g(w)?
4
Let j be (1 + -7)/(6/(-4)). Suppose -3*s + 5*c = 19, 3*c - c = -j*s + 18. Let z(k) = -3*k**s + 3*k**2 + k - 10*k**3. Calculate z(-1).
9
Let g(c) = c**2 - 3*c - 5. Suppose -h - o = -10, -11 = -5*h - o + 19. Suppose -3*r - 19 = -h*p, p - 4*r = -3 - 0. What is g(p)?
5
Let h(j) = j**3 - 2*j**2 + 2*j + 2. Let s = -16 + 24. Suppose 0 = -7*n + 3*n + s. What is h(n)?
6
Let v(i) = -i**3 - i**2 + 2*i + 1. Let x be (-245)/(-25) + 2/10. Let r(m) = -m**2 + 11*m - 12. Let o be r(x). Give v(o).
1
Suppose -8*a = -6*a + 2. Let g(l) = 2*l**2. Determine g(a).
2
Let n = 17 + -12. Suppose -n*u + 0*u = 15. Let k(t) = t**2 + 2*t - 2. Determine k(u).
1
Let o(b) = -b**2 - 2*b - 2. Let f(s) = s**2 + s + 2. Let x(w) = 4*f(w) + 5*o(w). Suppose -5*u = -u - 2*i + 28, 5*i - 30 = 2*u. Give x(u).
3
Let a(g) = -7*g - 1. Suppose i + 1 = -2. Let w be i*-2*1/(-3). Calculate a(w).
13
Let j(c) = 10*c - 1. Let f(a) = -a - 12. Let z be f(-13). What is j(z)?
9
Suppose 5*s + 5*l - 15 = 0, 0 = -5*s - l - l + 18. Let a(y) = y**3 - 5*y**2 + y + 2. What is a(s)?
-10
Let j be (0 - 1)*4/(-2). Let k(r) be the first derivative of 3*r + 1/2*r**j - 2. What is k(-6)?
-3
Let p(g) = -g - 4. Let j(q) = 3. Let s(b) = -7. Let a(i) = 5*j(i) + 2*s(i). Let c(x) = -2*a(x) + p(x). Let n = -136 + 131. Determine c(n).
-1
Let t be (6/21)/((-1)/(-7)). Let a(i) = -3*i - 3. Let k be a(-2). Let z(w) = 1 - k*w + 3 - 3. What is z(t)?
-5
Let m(f) be the first derivative of f**4/4 - 2*f**2 + 3*f + 2. Let v be m(2). Let k(i) = -i + 2. What is k(v)?
-1
Let v(r) be the third derivative of -r**6/120 - r**5/60 - r**3/3 + 3*r**2. Let h be v(0). Let j(z) = 16*z - 11*z + 1 + 1. Determine j(h).
-8
Let m(v) = 3*v + 2. Let t(p) = -8*p - 6. Let k(y) = -11*m(y) - 4*t(y). Give k(3).
-1
Let w be (108/(-28) - -3)*-7. Let s(j) = j - 4. Calculate s(w).
2
Let v(w) = -w**2 - 9*w + 3. Let r be v(-9). Let y(c) = 2*c + 6 - 7*c + c**2 - r*c. Determine y(5).
-9
Let m(t) = 2 + 5*t - 2 + 0. Let z(b) = -4*b. Let v(y) = 2*m(y) + 3*z(y). Let r be 4/((-10)/6 + 3). Determine v(r).
-6
Let u(q) be the first derivative of -3*q**2/2 - 2*q + 1. Let f(z) = 2*z**2 - 2*z + 2. Let o be f(2). Let x be (-5 - -1)*(-3)/o. Determine u(x).
-8
Let h(m) = m**3 - 5*m**2 + 6*m - 3. Let l be h(4). Suppose -j + 3 + 0 = 0. Let x(z) = -6 - 3*z**3 + 5*z**j - z**3 - 5*z**2 + 2*z. Calculate x(l).
4
Let q(y) = -y**3 + 6*y**2 - 6*y - 2. Let z be (-5)/(-10)*(1 - 1). Suppose 3*j + z*j = 15. Calculate q(j).
-7
Let m(u) = -2*u**2 + u**2 - 3 + 2*u**2 - 2*u. Let z(c) = -6*c + 10. Let w be z(2). What is m(w)?
5
Let a = 15 - 7. Let o = a + -7. Let c be -5*((-1)/o - -2). Let j(i) = i**2 + 3*i - 2. Calculate j(c).
8
Let v = 4 + 0. Let m(j) = -3 + 6 - 2*j + 0*j - v. Determine m(-4).
7
Let c(b) = -8 + 0 - 2*b**2 - 9*b - 2*b**2 + 3*b**2. Calculate c(-7).
6
Let u(i) = -i**3 + i**2 + i + 3. Let f be u(0). Suppose z = 2*z - f. Suppose z - 4 = -m. Let l(x) = -x. Determine l(m).
-1
Let k = 51 + -36. Suppose 0 = -0*g + 3*g - k. Suppose 5*x + g*s + 21 + 19 = 0, -3*x - 32 = 5*s. Let d(c) = -c**2 - 5*c - 1. Calculate d(x).
3
Let o(r) = -2*r**3 + 2*r**2 + 2*r - 2. Let f be 3*(-6)/(-45)*5. What is o(f)?
-6
Suppose 2*m + 12 - 20 = 0. Let z(u) = -u**3 + 4*u**2 - u - 5. Give z(m).
-9
Let f = 6 + -3. Let r(q) = -q**f - 4*q**2 + 5*q + 0 - 2 - 3 + 0. Suppose 18 = -2*m - 3*h + 2, 5*h = -10. Give r(m).
-5
Let w(m) = m**2 - 4*m - 3. Suppose -n = -3*n - 4, 0 = 4*z - 3*n - 26. Suppose v = -v + 8, z*v = k + 14. Give w(k).
9
Let v(t) = t - 6. Let o(z) = -1. Let f(w) = -4*o(w) - v(w). Calculate f(9).
1
Let c = 74 - 68. Let g(o) be the third derivative of 0 - o**2 + 1/60*o**5 + 1/120*o**c + 1/6*o**3 + 0*o + 0*o**4. Give g(-2).
-3
Let d(h) be the first derivative of -h**4/4 + 2*h**3/3 + h**2 - 2*h - 1. Let n = 19 - 32. Let a = n - -15. Calculate d(a).
2
Let k(b) = -b + 7. Let z be k(5). Let j = -3 - -7. Let l(x) = -4*x**2 + 0*x**2 - x**3 - 3*x + j*x**2 + 4*x**2. Calculate l(z).
2
Suppose 0*l + 32 = -4*l. Suppose -2*r - 6 = 2. Let p = r - l. Let d(b) = b**3 - 4*b**2 - 2*b + 6. Calculate d(p).
-2
Suppose -4*l = -2*j - 6, 0*l = -2*l + 6. Let r(o) = 5*o**3 + o + 2*o - 4 - 3*o**2 - 4*o**j. Give r(3).
5
Suppose 2 = f - 3. Let a(s) = -922*s**2 + 462*s**2 + 3*s + 3 + 459*s**2. What is a(f)?
-7
Let x(f) = -f - 6. Let l(g) = -g**3 - 4*g**2 - 2*g - 4. Let w be l(-3). Let j be w - (-4 - (3 - 6)). Let n be x(j). Let u(k) = -k. Calculate u(n).
0
Let l(f) = -2*f - 2*f**2 - f**3 + 0*f**2 - 2*f**2. Determine l(-3).
-3
Suppose 5*j - 13 = 7. Let b(r) = -r**2 + 6*r - 6. Calculate b(j).
2
Let i(s) = s**2. Let z(x) = -4*x**2. Let u(v) = -10*i(v) - z(v). Give u(-1).
-6
Let q(k) be the third derivative of k**4/12 + k**3 + k**2. Suppose 0 = -4*f - 28 + 8. Determine q(f).
-4
Let t be (-2 - -3) + -2 - -4. Let k(c) be the first derivative of -c**4/4 + 4*c**3/3 - c**2 - c - 1. Give k(t).
2
Let a be 1 - (-3)/(2 + 1). Let b(g) = -g**a + 2 - 6 - 1 + 5*g. Give b(5).
-5
Let b(r) be the first derivative of r**4/12 + 7*r**3/6 + 3*r**2/2 + 6*r - 1. Let s(f) be the first derivative of b(f). Give s(-5).
-7
Let f(u) = -u**3 + u**2 - 3*u + 3. Suppose 3*q + 3 = 9. Let j(x) = x**2 - x + 21. Let y be j(0). Suppose -2*s + 3*b + q*b - y = 0, -26 = -3*s - 4*b. Give f(s).
-7
Let y(j) be the second derivative of -j**4/12 + 5*j**3/6 + 3*j**2/2 - 2*j. Calculate y(5).
3
Let q(u) = -u**2 + 4*u - 4. Suppose -2 = 2*d, 3*k + 3*d - 9 = -0*d. What is q(k)?
-4
Let f(q) = 0 + 1 - q - 2*q. Suppose 3*x - 2*p + 10 = -0*x, 4*x + 2*p = -4. Give f(x).
7
Let k(p) = 3*p**2 - 3*p. Let d = -3 - -4. Let r(f) = 4*f - 2. Let t be r(d). Determine k(t).
6
Let i(g) = -g - 6. Let a be i(-11). Suppose -a*x - 1 = -6. Let z(b) = -9*b - 1. Calculate z(x).
-10
Suppose g - w = 6, -4*w - w - 25 = 0. Let j(m) = g + m**3 - 4*m**3 + 2*m**2 + 8*m**3 + 2*m. Let t = 10 - 11. Calculate j(t).
-4
Let n(p) = -p**3 + 10*p**2 - 6*p + 3. Let x(y) = -y**2. Let g(c) = -n(c) - 5*x(c). Give g(4).
5
Let h(q) = -q**2 - 3*q - 2. Suppose 2 = -3*d - 2*r, r + r = -8. Suppose 8 = -y - d*f, 2*y - f + 4 = f. What is h(y)?
-6
Let d(u) = -u**2 + 5. Suppose s = 4 + 14. Let w be (-4)/s - (-2)/9. Give d(w).
5
Let q(b) = -b + 8. Suppose l = 0, 2*l + 2*l = -2*o + 14. Suppose 0 = -4*r - p - 5, 2*r = o*r - 3*p - 15. Determine q(r).
8
Let s(b) = 7*b**3 + 11*b**2 - 7. Let o(t) = t**3 - t. Let l(j) = 5*j**2 + 